{"id":35,"date":"2026-02-09T17:18:03","date_gmt":"2026-02-09T17:18:03","guid":{"rendered":"https:\/\/siperianhusky.fi\/erkkari26\/?page_id=35"},"modified":"2026-02-09T17:50:04","modified_gmt":"2026-02-09T17:50:04","slug":"etusivu","status":"publish","type":"page","link":"https:\/\/siperianhusky.fi\/erkkari26\/","title":{"rendered":"Etusivu"},"content":{"rendered":"\n<h3 class=\"wp-block-heading has-text-align-center\">Tervetuloa Suomalainen Siperianhuskyseura ry:n erikoisn\u00e4yttelyyn Kuusamoon Nuorisokeskus Oivankiin 12.-13.9.2026!<\/h3>\n\n\n\n<p><strong>Ulkomuototuomarit:<\/strong> Ann Cook (Yhdysvallat) ja Tuula Pratt (Suomi).<\/p>\n\n\n\n<p><strong>N\u00e4yttelypaikka:<\/strong> Nuorisokeskus Oivanki, Rovaniementie 62 A, 93800 Kuusamo.<\/p>\n\n\n\n<p><strong>Lauantaina 12.9. arvostellaan:<\/strong><br>pennut (5- alle 7 kk ja 7- alle 9kk), ROP- ja VSP-pentu, urokset (jun. nuo, avo, k\u00e4y, val ja vet) ja paras uros.<\/p>\n\n\n\n<p><strong>Sunnuntaina 13.9. arvostellaan:<\/strong><br>nartut (jun. nuo, avo, k\u00e4y, val ja vet), kasvattaja- ja j\u00e4lkel\u00e4isluokat,&nbsp;valitaan ROP- ja VSP-juniori, ROP- ja VSP-veteraani sek\u00e4 ROP ja VSP.<\/p>\n\n\n\n<p><strong>Luokkajaottelut:<\/strong> Ilmoitetaan my\u00f6hemmin.<\/p>\n\n\n\n<p>N\u00e4yttelyss\u00e4 my\u00f6s lapsi &amp; koira\/lelukoira kilpailu!<\/p>\n\n\n\n<p>Voit varata <strong>majoituksen<\/strong> suoraan n\u00e4yttelypaikalta: <a href=\"https:\/\/oivanki.sportum.info\/stable\/index.jsp?kieli=FIN\" target=\"_blank\" rel=\"noreferrer noopener\">Nuorisokeskus Oivanki<\/a><\/p>\n\n\n<p><iframe src=\"https:\/\/www.google.com\/maps\/embed?pb=!1m18!1m12!1m3!1d2692.4354000478997!2d29.012623130475454!3d66.0756823859055!2m3!1f0!2f0!3f0!3m2!1i1024!2i768!4f13.1!3m3!1m2!1s0x442956b81205e74d%3A0x86497cca1426fcb!2sNuoriso-%20ja%20luontomatkailukeskus%20Oivanki%20Oy!5e1!3m2!1sfi!2sfi!4v1770657940406!5m2!1sfi!2sfi\" width=\"600\" height=\"450\" style=\"border:0;\" allowfullscreen=\"\" loading=\"lazy\" referrerpolicy=\"no-referrer-when-downgrade\"><\/iframe><\/p>\n\n\n\n<p><span style=\"text-decoration: underline;\">N\u00e4yttelytoimikunta:<\/span><\/p>\n\n\n\n<p>Elisa Tiermas, Hertta Alioravainen, Jonna Laine, Kati Molander, Maria Kallunki &amp; Toni Miettinen<\/p>\n","protected":false},"excerpt":{"rendered":"<p>Tervetuloa Suomalainen Siperianhuskyseura ry:n erikoisn\u00e4yttelyyn Kuusamoon Nuorisokeskus Oivankiin 12.-13.9.2026! Ulkomuototuomarit: Ann Cook (Yhdysvallat) ja Tuula Pratt (Suomi). N\u00e4yttelypaikka: Nuorisokeskus Oivanki, Rovaniementie 62 A, 93800 Kuusamo. Lauantaina 12.9. arvostellaan:pennut (5- alle 7 kk ja 7- alle 9kk), ROP- ja VSP-pentu, urokset (jun. nuo, avo, k\u00e4y, val ja vet) ja paras uros. Sunnuntaina 13.9. arvostellaan:nartut (jun. nuo, [&hellip;]<\/p>\n","protected":false},"author":2,"featured_media":0,"parent":0,"menu_order":0,"comment_status":"closed","ping_status":"closed","template":"","meta":{"footnotes":""},"class_list":["post-35","page","type-page","status-publish","hentry"],"_links":{"self":[{"href":"https:\/\/siperianhusky.fi\/erkkari26\/wp-json\/wp\/v2\/pages\/35","targetHints":{"allow":["GET"]}}],"collection":[{"href":"https:\/\/siperianhusky.fi\/erkkari26\/wp-json\/wp\/v2\/pages"}],"about":[{"href":"https:\/\/siperianhusky.fi\/erkkari26\/wp-json\/wp\/v2\/types\/page"}],"author":[{"embeddable":true,"href":"https:\/\/siperianhusky.fi\/erkkari26\/wp-json\/wp\/v2\/users\/2"}],"replies":[{"embeddable":true,"href":"https:\/\/siperianhusky.fi\/erkkari26\/wp-json\/wp\/v2\/comments?post=35"}],"version-history":[{"count":9,"href":"https:\/\/siperianhusky.fi\/erkkari26\/wp-json\/wp\/v2\/pages\/35\/revisions"}],"predecessor-version":[{"id":63,"href":"https:\/\/siperianhusky.fi\/erkkari26\/wp-json\/wp\/v2\/pages\/35\/revisions\/63"}],"wp:attachment":[{"href":"https:\/\/siperianhusky.fi\/erkkari26\/wp-json\/wp\/v2\/media?parent=35"}],"curies":[{"name":"wp","href":"https:\/\/api.w.org\/{rel}","templated":true}]}}